{"id":40,"date":"2020-06-12T21:49:00","date_gmt":"2020-06-12T21:49:00","guid":{"rendered":"https:\/\/plusbits.digital\/tienda\/?post_type=product&#038;p=40"},"modified":"2020-06-12T23:10:02","modified_gmt":"2020-06-12T23:10:02","slug":"catalogo-de-whatsapp","status":"publish","type":"product","link":"https:\/\/plus-bits.com\/tienda\/producto\/catalogo-de-whatsapp\/","title":{"rendered":"Cat\u00e1logo de WhatsApp"},"content":{"rendered":"<ul>\n<li>Cat\u00e1logo digital con 20 productos.<\/li>\n<li>Dise\u00f1o e informaci\u00f3n. (el cliente proporciona fotograf\u00edas).<\/li>\n<li>Configuraci\u00f3n de respuestas autom\u00e1ticas.<\/li>\n<li>Un agente PlusBits asignado para asesor\u00eda personalizada.<\/li>\n<li>Vinculaci\u00f3n de productos del cat\u00e1logo a tu sitio web.<\/li>\n<li>Smartphone+SIM opcional (cargo extra)<\/li>\n<\/ul>\n","protected":false},"excerpt":{"rendered":"<p>Creamos y dise\u00f1amos tu cat\u00e1logo en WhatsApp, Vinculado a tu tienda en l\u00ednea y con respuestas autom\u00e1ticas. Incluye tel\u00e9fono + SIM (opcional)<\/p>\n","protected":false},"featured_media":41,"comment_status":"open","ping_status":"closed","template":"","meta":[],"product_cat":[18],"product_tag":[],"class_list":["post-40","product","type-product","status-publish","has-post-thumbnail","hentry","product_cat-branding"],"_links":{"self":[{"href":"https:\/\/plus-bits.com\/tienda\/wp-json\/wp\/v2\/product\/40","targetHints":{"allow":["GET"]}}],"collection":[{"href":"https:\/\/plus-bits.com\/tienda\/wp-json\/wp\/v2\/product"}],"about":[{"href":"https:\/\/plus-bits.com\/tienda\/wp-json\/wp\/v2\/types\/product"}],"replies":[{"embeddable":true,"href":"https:\/\/plus-bits.com\/tienda\/wp-json\/wp\/v2\/comments?post=40"}],"wp:featuredmedia":[{"embeddable":true,"href":"https:\/\/plus-bits.com\/tienda\/wp-json\/wp\/v2\/media\/41"}],"wp:attachment":[{"href":"https:\/\/plus-bits.com\/tienda\/wp-json\/wp\/v2\/media?parent=40"}],"wp:term":[{"taxonomy":"product_cat","embeddable":true,"href":"https:\/\/plus-bits.com\/tienda\/wp-json\/wp\/v2\/product_cat?post=40"},{"taxonomy":"product_tag","embeddable":true,"href":"https:\/\/plus-bits.com\/tienda\/wp-json\/wp\/v2\/product_tag?post=40"}],"curies":[{"name":"wp","href":"https:\/\/api.w.org\/{rel}","templated":true}]}}