{"id":36,"date":"2020-06-12T21:26:36","date_gmt":"2020-06-12T21:26:36","guid":{"rendered":"https:\/\/plusbits.digital\/tienda\/?post_type=product&#038;p=36"},"modified":"2020-06-12T23:10:04","modified_gmt":"2020-06-12T23:10:04","slug":"anuncio-de-video","status":"publish","type":"product","link":"https:\/\/plus-bits.com\/tienda\/producto\/anuncio-de-video\/","title":{"rendered":"Anuncio de Video"},"content":{"rendered":"<ul>\n<li>An\u00e1lisis inicial.<\/li>\n<li>B\u00fasqueda y selecci\u00f3n de palabras clave.<\/li>\n<li>Segmentaci\u00f3n de 1 mercado objetivo.<\/li>\n<li>Creaci\u00f3n del anuncio en v\u00eddeo de (Bumper ads de 6seg, 15 seg, o 20 seg.)<\/li>\n<li>Propuesta de campa\u00f1a con el presupuesto del cliente.<\/li>\n<li>Lanzamiento y monitoreo de campa\u00f1a.<\/li>\n<li>Un agente PlusBits asignado.<\/li>\n<li>Duraci\u00f3n m\u00e1xima de 30 d\u00edas.<\/li>\n<li>Reporte de resultados.<\/li>\n<\/ul>\n","protected":false},"excerpt":{"rendered":"<p>Campa\u00f1a de anuncios de video en Youtube con un video incre\u00edble.<\/p>\n","protected":false},"featured_media":37,"comment_status":"open","ping_status":"closed","template":"","meta":[],"product_cat":[20],"product_tag":[21,22,23,28,29],"class_list":["post-36","product","type-product","status-publish","has-post-thumbnail","hentry","product_cat-campanas","product_tag-ads","product_tag-campana","product_tag-publicidad","product_tag-video","product_tag-youtube"],"_links":{"self":[{"href":"https:\/\/plus-bits.com\/tienda\/wp-json\/wp\/v2\/product\/36","targetHints":{"allow":["GET"]}}],"collection":[{"href":"https:\/\/plus-bits.com\/tienda\/wp-json\/wp\/v2\/product"}],"about":[{"href":"https:\/\/plus-bits.com\/tienda\/wp-json\/wp\/v2\/types\/product"}],"replies":[{"embeddable":true,"href":"https:\/\/plus-bits.com\/tienda\/wp-json\/wp\/v2\/comments?post=36"}],"wp:featuredmedia":[{"embeddable":true,"href":"https:\/\/plus-bits.com\/tienda\/wp-json\/wp\/v2\/media\/37"}],"wp:attachment":[{"href":"https:\/\/plus-bits.com\/tienda\/wp-json\/wp\/v2\/media?parent=36"}],"wp:term":[{"taxonomy":"product_cat","embeddable":true,"href":"https:\/\/plus-bits.com\/tienda\/wp-json\/wp\/v2\/product_cat?post=36"},{"taxonomy":"product_tag","embeddable":true,"href":"https:\/\/plus-bits.com\/tienda\/wp-json\/wp\/v2\/product_tag?post=36"}],"curies":[{"name":"wp","href":"https:\/\/api.w.org\/{rel}","templated":true}]}}